ve of t(f). Determine x(-7).
4
Let b(a) = -3*a - 4. Let l(n) = n**2 + 9*n - 14. Let c be l(-10). Let k(q) = 3*q + 9. Let x be k(c). Determine b(x).
5
Let g(y) = y**3 + 5*y**2 - 4*y - 1. Let f = -67 + 61. Calculate g(f).
-13
Let i(p) be the first derivative of -p**3/3 + 7*p**2/2 - 6*p + 4. Suppose -w + 23 = 3*t - 5*w, -4*t + 2*w = -24. Calculate i(t).
4
Let u(g) = -g**2 + 13*g - 16. Let p be u(11). Suppose 4*i + p + 10 = 0. Let c(d) = -3*d + d**3 + 2*d + 2 - 4*d**2 - 2*d**3. Determine c(i).
6
Suppose 1 - 20 = -2*g + 3*o, -3*g + 4*o = -27. Let j(v) be the third derivative of -v**5/60 + 7*v**4/24 + v**3/3 + 5*v**2. What is j(g)?
12
Suppose q - 5 = 0, 2*q = -4*k + 53 - 19. Let j(a) = 2*a - 9. Determine j(k).
3
Let p(k) = -k**2 - 2 - 1 + 2*k + 2. Let b be (1 - 4/(-6))*3. Let c(u) = 2*u**2 - 5*u + 2. Let o(a) = b*p(a) + 2*c(a). Calculate o(3).
-10
Suppose -7 = -5*y + 8. Let s(w) = w**3 - 4*w**2 - w + 1. What is s(y)?
-11
Let s(l) be the third derivative of l**2 - 1/60*l**5 + 1/24*l**4 - 7/6*l**3 + 0 + 0*l. What is s(0)?
-7
Let n(r) = -2*r**2 + 5*r + 3. Let b(j) = 3*j**2 - 5*j - 4. Let c(t) = -3*b(t) - 4*n(t). Let k = -4 - 1. What is c(k)?
0
Let y(r) = r**3 + 5*r**2 - 5*r + 6. Let s be y(-6). Suppose -5*l - t + 37 - 8 = s, 4*t = 16. Let g(o) = -o**3 + 4*o**2 + 3*o + 6. Give g(l).
-4
Let x(i) = 5*i**3 - 4*i**3 + 8*i - 2 - 3*i - 5*i**2. Let f be ((-2)/3 + 2)/(8/18). Give x(f).
-5
Let v(r) be the second derivative of 5*r**3/6 - 7*r**2/2 - r. Suppose -6*l + 20 = -l. Let k(s) = 4*s - 6. Let o(x) = l*k(x) - 3*v(x). Give o(0).
-3
Let j = 5 + -1. Let a(r) = -10*r + 29*r - 18*r - 7. Determine a(j).
-3
Let o(m) = m**3 + 2*m**2 - 2*m + 4. Suppose 0 = -4*i + 5*w + 11 - 58, 0 = 4*i - 2*w + 38. Let r = i - -5. Calculate o(r).
1
Let n(w) = -w**2 - 7*w + 1. Let r be n(-3). Let k = -9 + r. Let q(y) = 3*y**2 + 2*y + 0 - 7*y**2 - 3 + y**3 - 1. Calculate q(k).
4
Let c(p) = -7*p**3 - 13*p**2 - 6*p - 6. Let u(g) = -6*g**3 - 12*g**2 - 5*g - 5. Let i(r) = -5*c(r) + 6*u(r). Calculate i(-7).
0
Let w(y) = -4*y - 3. Let p(a) = -7*a - 6. Let u(o) = -6*p(o) + 11*w(o). Let m = 3 + -1. What is u(m)?
-1
Let q(f) = f**2 + 3*f + 1. Let b be q(-4). Suppose -5*x - 1 = d - 29, -4*x = 3*d - 18. Let u(l) = -2*l - x + 3*l + 2*l. Calculate u(b).
9
Let d(g) = -g + 1. Let a(s) = s**2 + 4*s - 6. Let v(l) = a(l) + 5*d(l). Determine v(-3).
11
Let q(m) be the first derivative of -1 - 1/4*m**4 + 2/3*m**3 + m**2 - m. Calculate q(3).
-4
Let u(m) be the second derivative of -m**5/20 + 5*m**4/12 + m**3/6 - 2*m**2 - 36*m. Determine u(5).
1
Suppose b = -0*b + 5. Let k(v) be the second derivative of v**4/12 - 2*v**3/3 - 3*v**2/2 - 20*v. What is k(b)?
2
Let s(n) be the second derivative of 0*n**3 + 1/6*n**4 + 0 - 9*n + 1/10*n**5 + n**2. Determine s(-2).
-6
Let b(c) = c. Let l be 14/6 + 12/18. Suppose 4*k = l*k. Suppose v - 5*a = 5, 3*v + a + 4 - 19 = k. Determine b(v).
5
Let i(n) = 2*n - 6. Let a(g) = 4*g + 44. Let k be a(-10). What is i(k)?
2
Let h(o) be the first derivative of -o**2 + o - 5. Determine h(2).
-3
Let l = 18 - 11. Let i be l*(0 - 1) - -2. Let b(c) be the first derivative of -c**4/4 - 2*c**3 - 3*c**2/2 + 6*c - 9. Determine b(i).
-4
Let n(k) be the second derivative of k**3/6 - k**2/2 - 5*k. Calculate n(2).
1
Suppose 3*g = 2*g. Suppose 5*p = -7*a + 2*a - 5, a = 2*p - 7. Let k(f) = -2*f**2 + f**2 + 5 + p*f**2 - f. Calculate k(g).
5
Let n(h) = 4*h - 4. Suppose -2*w = 2*v - 27 + 11, 4*v - 22 = -2*w. Determine n(v).
8
Let n(c) = c - 3. Let i be 18/24*(1 + 7). What is n(i)?
3
Let q(p) be the first derivative of -p**3/3 - 3*p**2/2 - 7*p - 3. Determine q(-5).
-17
Suppose 0 = -k - 5*i + 7, -k + 5 = -i + 4. Suppose -x + k = x. Let p(o) = -1 - 2*o - 2*o + 3*o. Calculate p(x).
-2
Let z(q) = -q**2 - q - 12 + 8*q + 8. Calculate z(7).
-4
Let p(f) = f**3 - 5*f**2 - 6*f - 1. Let y be p(6). Let a(w) = -5*w**2 - w - 1. Calculate a(y).
-5
Let d = -6 + 5. Let f = -3 - d. Let u(w) = -w**3 - 3*w**3 + 3*w**3 + 1 + 3*w. Determine u(f).
3
Let j = -3 - -5. Suppose v - 2*v = -j. Let i(g) = 0*g + g + v - 2*g. Calculate i(-3).
5
Let l(s) = -s**3 + 6*s**2 - 6*s + 5. Let h be l(5). Let n(a) = a**3 - a**2 + 10. Calculate n(h).
10
Let h(y) = -4*y**3 + y**2 - y - 1. Let d be h(-1). Let i(m) = m - 2. Calculate i(d).
3
Let j(r) = r**3 + 3*r**2 - 3*r + 1. Let t = 4 + -1. Suppose -5*h = 5*b - 5, b - 4*b = -t*h - 3. Let q be (-9)/6*(2 + h). What is j(q)?
10
Let w(i) = -72*i + 38*i + 33*i - 1. Let y = -7 + 11. Let l be (-1)/y + 11/(-4). Determine w(l).
2
Let d(o) = 3*o - 6. Let h(b) = -b + 1. Let x(z) = -d(z) - 2*h(z). Suppose -3*m + 9 = -2*m. Suppose -m = k - 4*k. What is x(k)?
1
Suppose 3 + 1 = 2*l. Suppose l = -i - 0. Let m(j) be the third derivative of -j**6/60 - j**5/60 + j**4/12 + j**3/6 - 2*j**2. Calculate m(i).
9
Let d(y) = 32 - 15 + 0*y**2 + 7*y + y**2 - 10. Give d(-5).
-3
Let a(c) be the third derivative of c**5/60 - c**4/4 + 3*c**2 + 5. Let y(g) = -g**2 - 6*g - 3. Let n be y(-4). What is a(n)?
-5
Let k(x) = -x + 1. Let f be k(-4). Let m = f + -4. Let p(s) = -s**3. What is p(m)?
-1
Suppose -g - 8 + 9 = 0. Let h = -3 - g. Let b(z) be the second derivative of -z**3/6 - z. Determine b(h).
4
Let q(o) = 3*o + 23. Let t be q(-7). Let h(f) = f**2 - 4*f - 1. Calculate h(t).
-5
Let o be 3/2 - 20/(-8). Suppose 12 = 8*l - o*l. Let f(p) = p**3 - 5*p**2 + 4*p + 1. Give f(l).
-5
Let h(g) be the third derivative of 1/6*g**4 + 0*g + 1/30*g**5 + 0 - 1/6*g**3 - 5*g**2. Suppose 4*z - 4*a = 2 + 2, 0 = 4*z + 2*a + 20. Determine h(z).
5
Let o(n) = 4 + 3 + 0*n**2 + n**3 + 6*n**2. Give o(-6).
7
Let u(p) = 4*p + 4 - 1 + 5*p. Suppose 5*j + 12 = 2. Determine u(j).
-15
Let x(k) be the first derivative of -k**3/3 - k**2 - k - 3. Calculate x(-1).
0
Let a = -2 + -2. Let q(n) = -n - 4. Give q(a).
0
Let t(b) = -b**2 + 8*b - 7. Suppose -5*g + 0*s + 24 = 4*s, -3*s = -2*g + 28. Let w = g + -3. Give t(w).
8
Let w be (-64)/(-10) + 27/45. Let f(i) = -i + 2. What is f(w)?
-5
Let u(o) be the second derivative of -o**4/12 - 2*o**3/3 - 31*o. Give u(-3).
3
Suppose -4*r + p - 27 = 0, 4*r - 3*p + 1 = -24. Let i(n) = -n + 1. What is i(r)?
8
Suppose -k + 2 = -0*k. Let h = -5 + 8. Let l(b) = 5*b - 3*b - h*b + 2. Give l(k).
0
Let m be ((-12)/8)/((-1)/2). Let j = m + -1. Suppose -4*x = 5*g - 37, 0 = -4*x + j*g - g + 7. Let v(q) = -q + 2. Calculate v(x).
-1
Let k(q) be the second derivative of q**6/360 - 7*q**5/120 + q**4/4 - q**3/6 - 3*q. Let t(j) be the second derivative of k(j). What is t(6)?
0
Let c(g) = -g + 54 - 109 + 60. What is c(-5)?
10
Let u(h) = h**3 - h. Let p(t) = -5*t**3 - 8*t**2 + 5*t + 9. Let y(z) = p(z) + 4*u(z). Determine y(-8).
1
Let g(o) = 3*o**2 - 2*o + 1. Let j(b) = b**3 + 2*b**2 + 1. Suppose 4*h + d + 11 = 0, -5*h + 2*d + 2 = -2*d. Let s be j(h). What is g(s)?
2
Let l(b) = -b**2 - 7*b + 1. Suppose -3*h - 34 = -2*u, 2*u + 3*u = -2*h - 29. Let g be 74/h - 2/(-12). Give l(g).
7
Let g(m) be the second derivative of m**3/2 - 9*m**2/2 - m. Let p(o) = -6*o**3 - o**2 + 1. Let v be p(-1). What is g(v)?
9
Let x(w) = 6*w. Let d(y) = -14*y. Let b(k) = -2*d(k) - 5*x(k). What is b(-4)?
8
Let x be (-3 + (-44)/(-12))*-3. Let b(a) = -2*a + 1. Let m(s) = s. Let k(g) = -b(g) - 3*m(g). Give k(x).
1
Suppose 0*z - 18 = -2*z. Let n be (2/(-6))/((-3)/z). Let g(h) = 9*h**2 - h. Give g(n).
8
Let j(v) = -v**3 - v**2. Let k be j(-1). Let p = k + 0. Let n(m) = -m - 6. Give n(p).
-6
Suppose -2*v = -0*v - 6. Let g(n) = -n**2 + 3 - v + 4 - 3 - 5*n. What is g(-4)?
5
Suppose 0*b = -4*b + 16. Let i(p) = -4*p**2 + 3*p + 5*p**2 + 4 + b*p - 3*p. Determine i(-3).
1
Suppose 5*q - 118 - 41 = -4*k, 4*k - 2*q = 166. Let w(o) = 1 - k*o + 2 + 40*o + 3. Calculate w(0).
6
Let w(j) = -2*j**2 - 4*j + 1. Let r be w(-3). Let y(n) = n**3 + 4*n**2 - 6*n - 5. Calculate y(r).
0
Let a(f) = f**2 - 6*f + 3. Let o(x) = 2*x**2 - 17*x + 8. Let j(w) = 11*a(w) - 4*o(w). What is j(-1)?
2
Let g be (0 - -2) + -1 + 2. Let d(c) = c**2 + c - 2. Let x(f) = f**2 + 2*f - 3. Let a(l) = 7*d(l) - 6*x(l). Give a(g).
-2
Let z = 6 - 0. Let l(r) = -r**2 - 7*r + r**3 + 7*r + z*r**2 - 5. Give l(-4).
11
Suppose 8 + 22 = 5*x. Let j(l) = -2*l**2 + 6*l**2 + 3*l - 10*l - 5. Let d(v) = 8*v**2 - 13*v - 9. Let i(p) = x*d(p) - 11*j(p). Determine i(1).
4
Let g(v) = -3*v**2. Let p(t) = 2*t**2. Let m(a) = 2*g(a) + 4*p(a). Let i be ((-3)/